f 1636521?
1
What is the ten thousands digit of 1764208?
6
What is the units digit of 367548?
8
What is the units digit of 226626?
6
What is the ten thousands digit of 7103595?
0
What is the hundreds digit of 4142182?
1
What is the hundred thousands digit of 2408703?
4
What is the millions digit of 6217289?
6
What is the thousands digit of 217930?
7
What is the thousands digit of 1778902?
8
What is the thousands digit of 25143166?
3
What is the tens digit of 322705?
0
What is the units digit of 149482?
2
What is the hundred thousands digit of 6029413?
0
What is the thousands digit of 14016747?
6
What is the ten thousands digit of 1914735?
1
What is the thousands digit of 2205177?
5
What is the hundred thousands digit of 2310903?
3
What is the tens digit of 1736113?
1
What is the thousands digit of 65066?
5
What is the units digit of 221067?
7
What is the millions digit of 6208205?
6
What is the hundred thousands digit of 205040?
2
What is the hundreds digit of 1205737?
7
What is the ten thousands digit of 132260?
3
What is the ten thousands digit of 21560078?
6
What is the thousands digit of 6863711?
3
What is the hundred thousands digit of 7413657?
4
What is the units digit of 6435600?
0
What is the thousands digit of 243920?
3
What is the millions digit of 6470168?
6
What is the ten thousands digit of 384990?
8
What is the hundreds digit of 151395?
3
What is the hundred thousands digit of 945621?
9
What is the units digit of 5587406?
6
What is the thousands digit of 13753687?
3
What is the ten thousands digit of 4363535?
6
What is the units digit of 1024957?
7
What is the hundred thousands digit of 464212?
4
What is the ten thousands digit of 190849?
9
What is the hundred thousands digit of 383979?
3
What is the hundreds digit of 3398934?
9
What is the tens digit of 303480?
8
What is the ten thousands digit of 74242?
7
What is the tens digit of 959957?
5
What is the hundreds digit of 417832?
8
What is the ten thousands digit of 14087?
1
What is the hundred thousands digit of 523320?
5
What is the hundred thousands digit of 2156789?
1
What is the units digit of 662058?
8
What is the millions digit of 4369637?
4
What is the units digit of 51200?
0
What is the hundreds digit of 1157398?
3
What is the hundred thousands digit of 25540909?
5
What is the tens digit of 561148?
4
What is the thousands digit of 77974?
7
What is the hundred thousands digit of 648666?
6
What is the hundred thousands digit of 17235695?
2
What is the units digit of 445680?
0
What is the ten millions digit of 27056475?
2
What is the hundreds digit of 4563593?
5
What is the tens digit of 506702?
0
What is the thousands digit of 180663?
0
What is the thousands digit of 1690857?
0
What is the thousands digit of 635760?
5
What is the tens digit of 241151?
5
What is the tens digit of 538152?
5
What is the hundred thousands digit of 408916?
4
What is the ten thousands digit of 7893758?
9
What is the hundred thousands digit of 746725?
7
What is the thousands digit of 138226?
8
What is the tens digit of 268925?
2
What is the hundreds digit of 6297446?
4
What is the hundred thousands digit of 113829?
1
What is the hundred thousands digit of 161276?
1
What is the ten thousands digit of 22967017?
6
What is the millions digit of 1311921?
1
What is the hundred thousands digit of 2899717?
8
What is the hundreds digit of 632132?
1
What is the thousands digit of 306846?
6
What is the units digit of 800973?
3
What is the thousands digit of 204493?
4
What is the millions digit of 4181059?
4
What is the units digit of 388509?
9
What is the millions digit of 4847217?
4
What is the units digit of 240594?
4
What is the ten thousands digit of 260251?
6
What is the millions digit of 8496642?
8
What is the units digit of 71389?
9
What is the thousands digit of 1857304?
7
What is the units digit of 37556?
6
What is the ten thousands digit of 7613647?
1
What is the units digit of 222680?
0
What is the thousands digit of 290951?
0
What is the hundreds digit of 47871?
8
What is the hundred thousands digit of 161831?
1
What is the ten thousands digit of 5256512?
5
What is the hundreds digit of 824121?
1
What is the millions digit of 1810300?
1
What is the ten thousands digit of 772191?
7
What is the ten thousands digit of 2049291?
4
What is the millions digit of 11293243?
1
What is the tens digit of 12011?
1
What is the units digit of 126014?
4
What is the tens digit of 429453?
5
What is the units digit of 5434207?
7
What is the ten thousands digit of 9944636?
4
What is the units digit of 95421?
1
What is the thousands digit of 2252621?
2
What is the hundreds digit of 1109774?
7
What is the millions digit of 1274519?
1
What is the units digit of 775421?
1
What is the ten thousands digit of 220595?
2
What is the tens digit of 32357747?
4
What is the tens digit of 876088?
8
What is the millions digit of 7830114?
7
What is the ten millions digit of 16938653?
1
What is the hundreds digit of 408146?
1
What is the hundreds digit of 1978560?
5
What is the ten thousands digit of 522568?
2
What is the hundreds digit of 6870091?
0
What is the thousands digit of 2924729?
4
What is the thousands digit of 2525613?
5
What is the thousands digit of 22370?
2
What is the units digit of 35587904?
4
What is the millions digit of 2083768?
2
What is the tens digit of 25641?
4
What is the tens digit of 4733873?
7
What is the units digit of 31211?
1
What is the tens digit of 1238004?
0
What is the hundred thousands digit of 967060?
9
What is the millions digit of 6655288?
6
What is the hundreds digit of 1573297?
2
What is the tens digit of 2334228?
2
What is the tens digit of 633990?
9
What is the units digit of 583473?
3
What is the tens digit of 7788487?
8
What is the hundred thousands digit of 1728128?
7
What is the units digit of 8084809?
9
What is the hundred thousands digit of 169455?
1
What is the hundreds digit of 18460776?
7
What is the ten thousands digit of 2413311?
1
What is the units digit of 227221?
1
What is the units digit of 10059688?
8
What is the hundreds digit of 124353?
3
What is the hundred thousands digit of 164446?
1
What is the tens digit of 9338289?
8
What is the ten thousands digit of 16780235?
8
What is the millions digit of 3284550?
3
What is the units digit of 3231624?
4
What is the units digit of 14084611?
1
What is the thousands digit of 457179?
7
What is the millions digit of 33620508?
3
What is the millions digit of 4570860?
4
What is the millions digit of 1563944?
1
What is the hundred thousands digit of 2706503?
7
What is the hundred thousands digit of 5523427?
5
What is the tens digit of 11267?
6
What is the ten thousands digit of 47488?
4
What is the thousands digit of 155174?
5
What is the thousands digit of 176594?
6
What is the tens digit of 1437008?
0
What is the hundreds digit of 20049035?
0
What is the hundred thousands digit of 2611842?
6
What is the hundred thousands digit of 186182?
1
What is the thousands digit of 297121?
7
What is the tens digit of 5224951?
5
What is the thousands digit of 1219902?
9
What is the hundreds digit of 82365?
3
What is the units digit of 840936?
6
What is the tens digit of 279591?
9
What is the thousands digit of 855878?
5
What is the hundreds digit of 2248939?
9
What is the hundred thousands digit of 22609848?
6
What is the units digit of 2366079?
9
What is the millions digit of 3133968?
3
What is the hundreds digit of 98290?
2
What is the thousands digit of 6513743?
3
What is the units digit of 329020?
0
What is the units digit of 85094?
4
What is the thousands digit of 34351?
4
What is the ten thousands digit of 532744?
3
What is the ten thousands digit of 3573647?
7
What is the ten thousands digit of 959279?
5
What is the hundreds digit of 202846?
8
What is the units digit of 4240996?
6
What is the tens digit of 568173?
7
What is the units digit of 2937503?
3
What is the hundreds digit of 8881763?
7
What is the hundreds digit of 10650862?
8
What is the hundreds digit of 736883?
8
What is the thousands digit of 7652605?
2
What is the millions digit of 4497510?
4
What is the hundred thousands digit of 5480742?
4
What is the units digit of 38?
8
What is the ten thousands digit of 9960168?
6
What is the units digit of 1194452?
2
What is the hun